*j - 9*j - 7386. List the prime factors of j.
2, 1231
Let n(q) = q + 30. Let u = -98 - -87. Let v be n(u). Suppose -v*d = -18*d - 229. What are the prime factors of d?
229
Suppose v - 4*b = 31, 0 = 4*v - 7*b + 5*b - 68. Let l = 7 + v. Suppose -29*k + l*k + 1435 = 0. What are the prime factors of k?
5, 41
Suppose -29*j + 12390 = 10*j - 4*j. What are the prime factors of j?
2, 3, 59
Let c be (-48)/20*(284 - -6). Let n = 1332 + c. What are the prime factors of n?
2, 3, 53
Let x = 10639 - 6600. List the prime factors of x.
7, 577
Let s(f) = -f**3 - 27*f**2 - 189*f + 27. What are the prime factors of s(-14)?
5
Let z(p) = -2*p**2 + 3*p + 3. Let t be z(3). Let b be (-3 + -3)/(9/t). Suppose b*x = r + 328, 2*x - 102 = 3*r + 62. List the prime factors of x.
2, 41
Let j = 21110 - 9741. List the prime factors of j.
11369
Let h(m) = -5*m**2 - 2*m + 21. Let p be h(-3). Let b(o) = 6*o**2 + 9*o + 61. What are the prime factors of b(p)?
19, 97
Let w = 7136 - 3135. List the prime factors of w.
4001
Suppose 0 = 4*y - 8, 2*r + 5*y + 118 = -50. Let n = r - -80. Let h(w) = -w**3 - 10*w**2 - 17*w + 11. What are the prime factors of h(n)?
83
Let x be 10*2/(-1 + 2 + 3). Suppose -2*u + 24 + 4 = 4*n, 2*u - x*n + 17 = 0. Suppose u*c - 278 = -2*q, 0 = 4*q + q - 2*c - 671. List the prime factors of q.
3, 5
Let m(s) = -26482*s - 3883. What are the prime factors of m(-2)?
49081
Let w(z) = -11*z - 29. Suppose 0 = 3*m + 5*o + 74, -4*o - 120 = 5*m + o. What are the prime factors of w(m)?
2, 7
Let u(k) = k**2 - 4*k - 14. Let i be u(6). Let f(n) = -4*n + 4*n + 8 - 3 - 3*n. What are the prime factors of f(i)?
11
Suppose -x + 2*i = 5, -4*x + 0*i + 15 = -i. Suppose 0 = -9*f - 1754 + 1898. Suppose -f = x*d - 96. List the prime factors of d.
2
Let l(z) = z**3 - 75*z**2 + 350*z - 192. Let k be l(70). Let h be 2706/10 - 2/(-5). Let p = k + h. List the prime factors of p.
79
Suppose -2*k + 3559 = 447. Suppose 4*f = 5*n - 1518 - 391, 4*f - k = -4*n. List the prime factors of n.
5, 7, 11
Let p = -1002 + 1466. Let o be p/7 - 36/126. Let t = 36 + o. What are the prime factors of t?
2, 3, 17
Suppose 0 = -5*m - 4*s - 231, -5*m + 12*s - 13*s = 234. Let v = 215 + -112. Let u = v - m. What are the prime factors of u?
2, 3, 5
Suppose 0 = 5*z + 5*a + 6 + 9, 2*a + 8 = -z. Suppose -2*x = 3*m - 361 - 975, z*m = 2*x - 1326. List the prime factors of x.
5, 7, 19
Let x(r) = -222*r + 3719. What are the prime factors of x(-64)?
7, 13, 197
Let u(t) be the first derivative of -19*t**2/2 - 211*t - 220. What are the prime factors of u(-13)?
2, 3
Let a(c) = 4*c**3 - 6*c**2 + c - 1. Let w(x) = -4*x**3 + 6*x**2 + 1. Let o(y) = 4*a(y) + 5*w(y). Let s = 380 + -383. List the prime factors of o(s).
151
Let k(z) = -5269*z**3 - 62*z**2 - 121*z + 1. List the prime factors of k(-2).
3, 7, 223
Let u = -162 - -169. Suppose 0 = 5*g + 4*x - 2187, -2*g + u*g + 3*x - 2189 = 0. What are the prime factors of g?
439
Let j = 3871 - -9242. What are the prime factors of j?
3, 31, 47
Suppose 0 = x + 3*t - 16838, -67352 = -4*x - 119*t + 120*t. What are the prime factors of x?
2, 8419
Let o(x) = -x - 17. Let z be o(-6). Let i = -6 - z. Suppose -3*g = -2*j - 88, 2*g = i*g - j - 89. List the prime factors of g.
2, 3, 5
Let q(g) = 24*g**3 - g**2 - 2*g + 1. Let a be q(-3). Let f be 8/14 + a/(-14). Suppose -f*t = -44*t - 81. List the prime factors of t.
3
Let b(r) = 3*r**2 + 5*r + 1. Let s be b(-2). Suppose 4*d = s*c - 2484, 0 = 5*c - c + 2*d - 3312. What are the prime factors of c?
2, 3, 23
Let f = -92 - -171. Suppose -f = 4*l - 503. List the prime factors of l.
2, 53
Suppose 2*g + 148850 = 4*l, l = 2*l + g - 37211. What are the prime factors of l?
2, 3, 7, 443
Let a = -27737 - -39255. What are the prime factors of a?
2, 13, 443
Suppose 0 = -4*n - 2*q + 57198, -78*n - 5*q = -75*n - 42888. What are the prime factors of n?
3, 7, 227
Suppose -196 = 3*z + z. Suppose -3 = 3*l + 6, -2*f + 2*l - 134 = 0. Let k = z - f. What are the prime factors of k?
3, 7
Let x(l) be the second derivative of -3*l**2 - 1/12*l**4 + 18*l - 7/2*l**3 + 0. What are the prime factors of x(-19)?
2
Let q(u) = 18*u + 14. Let p be q(-8). List the prime factors of (-64558)/p + 4/10.
7, 71
Let p(w) = -6 + 6*w**2 + w**3 - 6 + 6*w**2 + 3 + 2*w. Let y be p(-9). Let h = y + -102. What are the prime factors of h?
2, 3, 19
Let r be (-3)/(-9)*0*1. Suppose 5*o - s + 0*s - 18 = r, -o = -s - 2. Suppose 5*q = -o*p + 5*p - 85, p - q - 85 = 0. List the prime factors of p.
5, 17
Let u be ((-172)/(-12))/((-1)/(-3)). Let c = u - 29. Suppose -i - 2*p + 180 = 0, -c*i + 3*p + 665 = -10*i. List the prime factors of i.
2, 5, 17
Let z = 72159 + -15307. What are the prime factors of z?
2, 61, 233
Suppose 2*c = -4*u + 4560, 3*c + 5*u - 8031 = -1189. What are the prime factors of c?
2, 571
Let r = -7726 + 11147. What are the prime factors of r?
11, 311
Let b(u) = -939*u + 361. What are the prime factors of b(-10)?
7, 199
Let j(p) = 2*p**2 + 15*p + 40. Let b be j(-9). Suppose 0 = 4*x + 4*n - 856, -2*n + 146 = x - b. List the prime factors of x.
5, 43
Suppose 10*c - 7*c - 6 = 0. Suppose c*u - 4*k - 180 = 0, 3*k + 156 + 308 = 5*u. What are the prime factors of u?
2, 47
Let w(g) = -g - 52. Let i be w(-25). Let m = i - -32. Suppose -226 = n - 2*n - 4*z, -m*n = 4*z - 1066. List the prime factors of n.
2, 3, 5, 7
Suppose 2500 = 12*s + 8*s. Let y = s - 82. List the prime factors of y.
43
Let q(c) = -c**3 - 7*c**2 - 66*c - 1122. What are the prime factors of q(-24)?
2, 3, 1709
Let f(i) = i**2 - 9*i - 14. Let g be f(11). Suppose -g*n = n - 1350. List the prime factors of n.
2, 3, 5
Let v = -231 + 172. Let a = 156 - v. What are the prime factors of a?
5, 43
Let v(a) = -81*a + 6. Let p be ((-9)/36)/((-2)/16 + 0). Suppose -d + 0 - 13 = -5*w, p*w = 5*d + 19. List the prime factors of v(d).
3, 83
Suppose -4360084 = -141*k - 1316881. List the prime factors of k.
113, 191
Suppose 0 = 5*y - 6 - 9. Let n(a) = -4*a - 3 + 3 - 4 + a - 154*a**y. List the prime factors of n(-1).
3, 17
Let k(w) = w**3 - 6*w**2 + 2*w + 6. Let b be k(5). Let h(s) = s**3 + 9*s**2 - s + 11. Let a be h(b). List the prime factors of (a/12)/(-1)*(0 + -3).
5
Suppose r + 2*r = -w + 10, -6 = -3*r. Suppose 132 = -w*t + 440. List the prime factors of (t/35 - (-1)/(-5)) + 80.
2, 41
What are the prime factors of (-3)/(-6)*-4 + -2 + 6 + 18823?
3, 5, 251
Let l = -3566 + 2031. Let k = 2271 + l. List the prime factors of k.
2, 23
Suppose 9*w = -k + 10*w + 7281, k = -2*w + 7296. What are the prime factors of k?
2, 3643
Let l(u) = 1429*u**2 + 74*u - 382. What are the prime factors of l(4)?
2, 7, 1627
Suppose 4*u - 3331 = 3*g, 4*g = 4*u + 6*g - 3346. Suppose 0 = 6*w - 1337 - u. Let q = -202 + w. List the prime factors of q.
2, 5
Let u = -27 + 29. Suppose -2*j + u = -4*w + 10, -3*j + 3 = -w. List the prime factors of 62 + (j - -1) - 2.
3, 7
Let b(w) = 90*w**2 + 2*w - 25. What are the prime factors of b(-8)?
7, 19, 43
Suppose 69*s - 126038 = 346474. What are the prime factors of s?
2, 107
Let w(d) = -2*d**3 - 5*d**2 - 8*d - 10. Let j be w(-5). Suppose j = 4*i - 77. What are the prime factors of i/3*(9 - 6)?
2, 29
Let k(a) = 10*a**2 + 24*a + 162. Let n be k(-11). Let s = -39 + n. What are the prime factors of s?
1069
Suppose 5*n = -5*c + 13850, 5*c + 0*n - 13878 = 2*n. Suppose -9*m = -c + 488. What are the prime factors of m?
2, 127
Suppose 5*n - 14400 = -5*t, 4*t - t + 4*n = 8638. List the prime factors of t.
2, 11, 131
Let t(p) = -p + 1. Let h(b) = -6*b - 7. Let q be (-1 - -2)*(-6 + 3). Let j(f) = q*t(f) + h(f). List the prime factors of j(-5).
5
Suppose -5*s - 39*n + 36*n + 83765 = 0, -5*s - n = -83755. What are the prime factors of s?
2, 5, 67
Let a(x) be the first derivative of x**4/4 - 4*x**3/3 + 17*x + 73. What are the prime factors of a(7)?
2, 41
Let a = -183 - -183. Suppose n - 4*q - 592 = a, 0 = -q - 1 - 2. What are the prime factors of n?
2, 5, 29
Let l = 297 + -193. Let t = 240 - l. List the prime factors of t.
2, 17
Suppose -2*z - 5 = -3, -4*m + 3*z + 31 = 0. Let y(i) = 146*i + 11. What are the prime factors of y(m)?
1033
Let o be (450/(-8))/(12/160). Let f = -266 - o. Let t = f - 334. List the prime factors of t.
2, 3, 5
Let b(w) = -6*w - 16. Let x be b(-8). Let y = x - 22. Suppose -i + 4 = -y. List the prime factors of i.
2, 7
Let c(p) = -p**3 